is -5 - c5217?
-c521c
In base 14, what is 4b + -b64?
-b17
In base 3, what is -210 + 10001000?
10000020
In base 9, what is -467 - -24?
-443
In base 11, what is 5 + 13441?
13446
In base 6, what is 2330155 + -13?
2330142
In base 13, what is -1376 - 153?
-14c9
In base 16, what is 79f + -8?
797
In base 14, what is 1bb4b - -7?
1bb54
In base 11, what is 1 - 3989?
-3988
In base 9, what is -18606 - -4?
-18602
In base 10, what is 23243 - 2?
23241
In base 7, what is 16512142 + 2?
16512144
In base 11, what is -45 + 13699?
13654
In base 2, what is 11000000110 + -100100?
10111100010
In base 13, what is 5142 + 6b?
51b0
In base 8, what is 66146 - 0?
66146
In base 4, what is -103 - -212313003?
212312300
In base 8, what is 2 + 120053?
120055
In base 8, what is 1056 - -733?
2011
In base 11, what is 8861 - 124?
8738
In base 16, what is -343 - -13?
-330
In base 12, what is -5 + -229a?
-22a3
In base 4, what is 303230120 + 10?
303230130
In base 13, what is 3 + 18aa7c?
18aa82
In base 4, what is 2 + -12330212?
-12330210
In base 11, what is 0 + -1206?
-1206
In base 16, what is -b0ca1 - 3?
-b0ca4
In base 3, what is 1001 + 11220202?
11221210
In base 12, what is -78 - -3224?
3168
In base 10, what is -11 - -135?
124
In base 5, what is -14212140 + 1?
-14212134
In base 14, what is -70b + -315?
-a22
In base 11, what is 65 + -8304?
-824a
In base 8, what is -114700 - 2?
-114702
In base 3, what is -1022112 - 220?
-1100102
In base 6, what is -11141215 + -1?
-11141220
In base 16, what is -4 + 21ee1?
21edd
In base 7, what is -250542 + -26?
-250601
In base 10, what is 15 - 165438?
-165423
In base 2, what is -11110 - -1101101001?
1101001011
In base 12, what is 7285 + -15?
7270
In base 9, what is 3 - 228815?
-228812
In base 15, what is 9ce + 65?
a44
In base 4, what is 1320 + -13210?
-11230
In base 15, what is -1 + a055?
a054
In base 4, what is -112 + 301112202?
301112030
In base 10, what is -280 + 18?
-262
In base 12, what is -5399 + 5?
-5394
In base 15, what is -e6 + -2d2?
-3c8
In base 14, what is 107 + 224?
32b
In base 8, what is -1 - -125331?
125330
In base 7, what is 116 + -10546?
-10430
In base 6, what is 2 + -322112?
-322110
In base 8, what is 257541 + -4?
257535
In base 8, what is 5117 - -374?
5513
In base 12, what is 3168 + 1?
3169
In base 13, what is 94 + -1a68?
-19a4
In base 8, what is 3 + -15371?
-15366
In base 11, what is 60829 + 5?
60833
In base 13, what is -150a2 - 2?
-150a4
In base 3, what is -10121 + -1011?
-11202
In base 2, what is 111000 + -11101111?
-10110111
In base 2, what is -1100001011 - -10111?
-1011110100
In base 8, what is -1705712 - 1?
-1705713
In base 3, what is -10202021 - 12?
-10202110
In base 8, what is 55557 + 32?
55611
In base 9, what is -36101 + 0?
-36101
In base 8, what is 16044 - -26?
16072
In base 16, what is -20 + -165a?
-167a
In base 9, what is -8435 - 0?
-8435
In base 9, what is 13021862 - -3?
13021865
In base 10, what is -5 - 105081?
-105086
In base 16, what is 7314 - 17?
72fd
In base 6, what is 0 - -2010105?
2010105
In base 13, what is 85212 + -b?
85204
In base 13, what is 1a4 + -ca?
a7
In base 12, what is -15 - 4452?
-4467
In base 9, what is 3 + 1137232?
1137235
In base 3, what is -10211122 - 11?
-10211210
In base 7, what is -2302255 - 11?
-2302266
In base 5, what is -11 - 102322?
-102333
In base 6, what is -325 + 143?
-142
In base 11, what is 4 - -27470?
27474
In base 14, what is 6 - 1c0b9?
-1c0b3
In base 9, what is -10 + 6808?
6788
In base 5, what is -103 + 1210?
1102
In base 16, what is 26 - -4024?
404a
In base 8, what is -2547476 - -2?
-2547474
In base 3, what is 10221 - -221021?
1002012
In base 12, what is ba - -255?
353
In base 9, what is -1611 - 42?
-1653
In base 14, what is -18 + 3a65?
3a4b
In base 13, what is -c47 - 4b0?
-1427
In base 10, what is -53 - -225?
172
In base 10, what is 30736 - -79?
30815
In base 3, what is -112 + -1200?
-2012
In base 12, what is -70b - 153b?
-204a
In base 13, what is 37 - 28b?
-254
In base 16, what is -f1 + a0?
-51
In base 15, what is 6359b + -5?
63596
In base 11, what is -4 + 70387?
70383
In base 7, what is 24 + -434354?
-434330
In base 10, what is -13653 + 106?
-13547
In base 6, what is -5 - 2534121?
-2534130
In base 12, what is -20b + 78?
-153
In base 7, what is -1304 + -22?
-1326
In base 8, what is -2 + 300136?
300134
In base 13, what is 19 + -1502?
-14b6
In base 16, what is -c99e + -2?
-c9a0
In base 3, what is -10 + 1021202102120?
1021202102110
In base 13, what is -832 - -14?
-81b
In base 9, what is -345 - 152?
-507
In base 15, what is -1 + -6d14?
-6d15
In base 15, what is -9d + -57b?
-629
In base 16, what is 2bd0 - 81?
2b4f
In base 3, what is -12 - 1222101220?
-1222102002
In base 14, what is -61c0 + 8?
-61b6
In base 5, what is -343 + 1334?
441
In base 12, what is 24 - -2553?
2577
In base 4, what is 212321 + 13?
213000
In base 6, what is 421 + -523?
-102
In base 16, what is -2 + -1fea?
-1fec
In base 7, what is -5564662 + 3?
-5564656
In base 11, what is -36089 - -1?
-36088
In base 7, what is -1252 - 61?
-1343
In base 8, what is -300 - 157?
-457
In base 8, what is -632 + -425?
-1257
In base 11, what is a22a9 + 3?
a2301
In base 2, what is 11110010100010011 - 1?
11110010100010010
In base 10, what is -88586 - -2?
-88584
In base 14, what is -17 - 46ca?
-4703
In base 2, what is 11100001 - -1001001101001?
1001101001010
In base 3, what is 1122 + 12100122?
12102021
In base 14, what is 11cb + 38?
1225
In base 6, what is 1 + 1335443?
1335444
In base 11, what is 26093 - 62?
26031
In base 13, what is -89124 + -2?
-89126
In base 7, what is -114230 + 5?
-114222
In base 5, what is 21012312 - 10?
21012302
In base 16, what is -3e2 - -9?
-3d9
In base 11, what is -1 - -5125?
5124
In base 13, what is 821b40 + 2?
821b42
In base 9, what is 7 + -132507?
-132500
In base 12, what is 18678 - -3?
1867b
In base 16, what is 51 + 158?
1a9
In base 15, what is 11e6 - -e?
1205
In base 14, what is 5a - 2db?
-281
In base 8, what is 15355 + -76?
15257
In base 13, what is 80b8b7 + 5?
80b8bc
In base 15, what is 4 + 7478?
747c
In base 3, what is -200 - -11000201?
11000001
In base 12, what is 14760 + 0?
14760
In base 9, what is -644 + -11830?
-12574
In base 10, what is 761339 - 4?
761335
In base 8, what is -5 + -3634?
-3641
In base 2, what is -11 + 1001101110111100?
1001101110111001
In base 15, what is -2068c + -2?
-2068e
In base 4, what is -10 + 313012?
313002
In base 10, what is 52106 + -2?
52104
In base 6, what is -4302303 - -4?
-4302255
In base 3, what is -20100010 - -2?
-20100001
In base 15, what is 3 + -7e3b?
-7e38
In base 2, what is -1110110001010010 + -10010?
-1110110001100100
In base 14, what is 13731 - 4?
1372b
In base 15, what is -91 - 15b?
-1ec
In base 3, what is 112 - 211111120?
-211111001
In base 15, what is 9666 + 56?
96bc
In base 7, what is 33520 + -1?
33516
In base 2, what is -10111110111000 - -10000?
-10111110101000
In base 11, what is 74 + -21648?
-21584
In base 7, what is -2256242 + 1?
-2256241
In base 11, what is 11912a + -5?
119125
In base 13, what is -2c - 34c87?
-34cb6
In base 6, what is 15524214 - 0?
15524214
In base 14, what is -79 + 27?
-52
In base 8, what is 1 + -7015?
-7014
In base 12, what is 55 + 1a2?
237
In base 2, what is -100 - -1010010100110?
1010010100010
In base 9, what is 87 + 31?
128
In base 13, what is -16c974 - -3?
-16c971
In base 5, what is 14303 - 402?
13401
In base 9, what is -4401 - -17?
-4373
In base 14, what is -b7d5 - -2?
-b7d3
In base 12, what is -27 + 1a5?
17a
In base 12, what is -1177 + -6?
-1181
In base 6, what is -3 - 2452134?
-2452141
In base 10, what is 166301 - 7?
166294
In base 10, what is 126552 - 0?
126552
In base 2, what is 100011110001110001 - -100?
100011110001110101
In base 5, what is 2310 + -101300?
-43440
In base 4, what is -1101 + -3100?
-10201
In base 15, what is 9cc - d?
9be
In base 4, what is 0 - 13320233233?
-13320233233
In base 11, what is -3731 - 3?
-3734
In base 7, what is -142313 - 1?
-142314
In base 7, what is -1046 + 1154?
105
In base 9, what is 24730 + 2?
24732
In base 11, what is 4 + -155445?
-155441
In base 5, what is -1332014 - -20?
-1331444
In base 15, what is bb + -6e9?
-62d
In base 8, what is 204034 - -3?
204037
In base 3, what is -102122002 + 20011?
-102101221
In base 16, what is -1 + -4e7f?
-4e80
In base 13, what is -6c3 + 1c?
-6a4
In base 16, what is 